{"id":2181,"date":"2018-11-13T15:28:04","date_gmt":"2018-11-13T18:28:04","guid":{"rendered":"http:\/\/leb.inenco.unsa.edu.ar\/?page_id=2181"},"modified":"2019-06-03T16:37:35","modified_gmt":"2019-06-03T19:37:35","slug":"download-and-installation","status":"publish","type":"page","link":"https:\/\/leb.inenco.unsa.edu.ar\/index.php\/en\/software-2\/simedif-2-0-thermal-simulation-of-buildings\/download-and-installation\/","title":{"rendered":"INSTALLATION INTRUCTION"},"content":{"rendered":"<ol>\n<li style=\"text-align: justify;\">\n<figure id=\"attachment_2060\" aria-describedby=\"caption-attachment-2060\" style=\"width: 237px\" class=\"wp-caption alignright\"><img decoding=\"async\" class=\"wp-image-2060\" title=\"SIMEDIF: programa de dise\u00f1o y c\u00e1lculo t\u00e9rmico de edificios\" src=\"http:\/\/leb.inenco.unsa.edu.ar\/wp-content\/uploads\/2018\/11\/image003.jpg\" alt=\"\" width=\"237\" height=\"165\" \/><figcaption id=\"caption-attachment-2060\" class=\"wp-caption-text\">SIMEDIF: programa de dise\u00f1o y c\u00e1lculo t\u00e9rmico de edificios<\/figcaption><\/figure>\n<p style=\"text-align: justify;\"><span style=\"font-family: verdana, geneva, sans-serif; font-size: 10pt;\"><b>Download and installation:<\/b><\/span><\/p>\n<ol style=\"text-align: justify;\">\n<li><span style=\"font-family: verdana, geneva, sans-serif; font-size: 10pt;\">Download the Setup compressed zip file to your PC, from the link \u201cDownload latest versi\u00f3n\u201d in the right side of the main page.<\/span><\/li>\n<li><span style=\"font-family: verdana, geneva, sans-serif; font-size: 10pt;\">Extract the files to a new folder and then click on the Setup file. Follow the instructions. Once installed, you will find the soft in the toolbar of Windows-&gt;All software. You also will find the manual of use. In the installation folder you will find some weather files under the \u201cWeather\u201d folder. For the software to correctly work, you need to change the number format in Windows (see step 3). Uninstalling is made from the Control Panel-&gt;Software-&gt;Uninstall.<\/span><\/li>\n<\/ol>\n<p style=\"text-align: justify;\"><span style=\"font-family: verdana, geneva, sans-serif; font-size: 10pt;\"><b>Changing format number in Windows:<\/b> You must change the format Windows uses to display numbers. Point (not comma) must be used for decimal numbers. You can change the number format in Windows:<\/span><\/p>\n<ul>\n<li style=\"text-align: justify;\"><span style=\"font-family: verdana, geneva, sans-serif; font-size: 10pt;\">Open Region and Language by clicking the Start button , clicking <i>Control Panel<\/i>, clicking <i>Clock, Language, and Region<\/i>, and then clicking <i>Region and Language<\/i>.<\/span><\/li>\n<li style=\"text-align: justify;\"><span style=\"font-family: verdana, geneva, sans-serif; font-size: 10pt;\">Click the <i>Formats<\/i> tab, and then, in the Format list, click on \u201cAdditional configuration\u201d and then select (or type) the decimal symbol to point.<\/span><\/li>\n<\/ul>\n<\/li>\n<\/ol>\n","protected":false},"excerpt":{"rendered":"<p>Download and installation: Download the Setup compressed zip file to your PC, from the link \u201cDownload latest versi\u00f3n\u201d in the right side of the main page. Extract the files to a new folder and then click on the Setup file. Follow the instructions. Once installed, you will find the soft in the toolbar of Windows-&gt;All&hellip;&nbsp;<a href=\"https:\/\/leb.inenco.unsa.edu.ar\/index.php\/en\/software-2\/simedif-2-0-thermal-simulation-of-buildings\/download-and-installation\/\" rel=\"bookmark\">Leer m\u00e1s &raquo;<span class=\"screen-reader-text\">INSTALLATION INTRUCTION<\/span><\/a><\/p>\n","protected":false},"author":2,"featured_media":0,"parent":2257,"menu_order":0,"comment_status":"closed","ping_status":"closed","template":"","meta":{"_eb_attr":"","neve_meta_sidebar":"","neve_meta_container":"","neve_meta_enable_content_width":"","neve_meta_content_width":0,"neve_meta_title_alignment":"","neve_meta_author_avatar":"","neve_post_elements_order":"","neve_meta_disable_header":"","neve_meta_disable_footer":"","neve_meta_disable_title":"","_ti_tpc_template_sync":false,"_ti_tpc_template_id":"","footnotes":""},"class_list":["post-2181","page","type-page","status-publish","hentry"],"_links":{"self":[{"href":"https:\/\/leb.inenco.unsa.edu.ar\/index.php\/wp-json\/wp\/v2\/pages\/2181"}],"collection":[{"href":"https:\/\/leb.inenco.unsa.edu.ar\/index.php\/wp-json\/wp\/v2\/pages"}],"about":[{"href":"https:\/\/leb.inenco.unsa.edu.ar\/index.php\/wp-json\/wp\/v2\/types\/page"}],"author":[{"embeddable":true,"href":"https:\/\/leb.inenco.unsa.edu.ar\/index.php\/wp-json\/wp\/v2\/users\/2"}],"replies":[{"embeddable":true,"href":"https:\/\/leb.inenco.unsa.edu.ar\/index.php\/wp-json\/wp\/v2\/comments?post=2181"}],"version-history":[{"count":4,"href":"https:\/\/leb.inenco.unsa.edu.ar\/index.php\/wp-json\/wp\/v2\/pages\/2181\/revisions"}],"predecessor-version":[{"id":2859,"href":"https:\/\/leb.inenco.unsa.edu.ar\/index.php\/wp-json\/wp\/v2\/pages\/2181\/revisions\/2859"}],"up":[{"embeddable":true,"href":"https:\/\/leb.inenco.unsa.edu.ar\/index.php\/wp-json\/wp\/v2\/pages\/2257"}],"wp:attachment":[{"href":"https:\/\/leb.inenco.unsa.edu.ar\/index.php\/wp-json\/wp\/v2\/media?parent=2181"}],"curies":[{"name":"wp","href":"https:\/\/api.w.org\/{rel}","templated":true}]}}