{"id":2376,"date":"2018-12-10T11:55:10","date_gmt":"2018-12-10T14:55:10","guid":{"rendered":"http:\/\/leb.inenco.unsa.edu.ar\/?page_id=2376"},"modified":"2018-12-12T11:27:57","modified_gmt":"2018-12-12T14:27:57","slug":"vivienda-con-techo-solar-en-salta-vaqueros","status":"publish","type":"page","link":"https:\/\/leb.inenco.unsa.edu.ar\/index.php\/en\/buildings\/vivienda-con-techo-solar-en-salta-vaqueros\/","title":{"rendered":"House with solar ceiling in Salta &#8211; Vaqueros"},"content":{"rendered":"<p style=\"text-align: justify;\"><span style=\"font-size: 10pt; font-family: verdana, geneva, sans-serif;\"><strong>Ubicaci\u00f3n: Localidad de Vaqueros &#8211; Salta\u00a0(1310msnm)<\/strong><\/span><\/p>\n<p style=\"text-align: justify;\"><span style=\"font-family: verdana, geneva, sans-serif; font-size: 10pt;\"><strong>Dise\u00f1o: Arq.\u00a0Marcelo G\u00fcizzo<\/strong><\/span><\/p>\n<p style=\"text-align: justify;\"><span style=\"font-family: verdana, geneva, sans-serif; font-size: 10pt;\"><strong>Asesoramiento:\u00a0Ing. Alejandro Luis Hern\u00e1ndez\u00a0&#8211; INENCO<\/strong><\/span><\/p>\n<p style=\"text-align: justify;\"><span style=\"font-family: verdana, geneva, sans-serif; font-size: 10pt;\">En la Argentina no abundan las viviendas con techos colectores solares integrados al edificio. La principal ventaja que ofrece esta soluci\u00f3n t\u00e9cnica es la de liberar, las potenciales soluciones en el dise\u00f1o de la planta, de la obligaci\u00f3n de tener que ofrecer la mejor orientaci\u00f3n para la captaci\u00f3n de la energ\u00eda solar a todos los ambientes principales, si es que se tiene el objetivo de lograr un calefaccionamiento adecuado para la totalidad de la vivienda empleando sistemas solares pasivos o mixtos.<\/span><\/p>\n<p style=\"text-align: justify;\"><span style=\"font-family: verdana, geneva, sans-serif; font-size: 10pt;\">Con esta tecnolog\u00eda, algunos locales principales pueden tener la orientaci\u00f3n \u00f3ptima y otros podr\u00e1n tener\u00a0la opuesta en la medida que sea el techo colector solar el encargado de calefaccionar al se<\/span><span style=\"font-family: verdana, geneva, sans-serif; font-size: 10pt;\">ctor mal orientado. Tambi\u00e9n podr\u00eda darse el caso que la totalidad de los requerimientos energ\u00e9ticos para el calefaccionamiento sea aportado por el techo colector solar y, de esa manera, se libere totalmente al resto de la envolvente de restricciones \u00a0con respecto a la orientaci\u00f3n de cada muro o ambiente.<\/span><\/p>\n<table style=\"width: 718px;\">\n<tbody>\n<tr>\n<td style=\"width: 360px;\"><img fetchpriority=\"high\" decoding=\"async\" class=\"wp-image-466 alignnone\" src=\"http:\/\/leb.inenco.unsa.edu.ar\/wp-content\/uploads\/2016\/11\/Imagen2.jpg\" alt=\"imagen2\" width=\"368\" height=\"264\" \/><\/td>\n<td style=\"width: 347px;\"><img decoding=\"async\" class=\"wp-image-465 alignnone\" src=\"http:\/\/leb.inenco.unsa.edu.ar\/wp-content\/uploads\/2016\/11\/Imagen1.jpg\" alt=\"imagen1\" width=\"352\" height=\"264\" \/><\/td>\n<\/tr>\n<\/tbody>\n<\/table>\n<p style=\"text-align: justify;\"><span style=\"font-family: verdana, geneva, sans-serif; font-size: 10pt;\">En la vivienda que se muestra \u2013 ubicada en la localidad de Vaqueros, muy pr\u00f3xima a la ciudad de Salta &#8211; se opt\u00f3 por un sistema mixto en donde dos dormitorios, ba\u00f1os y lavadero, ubicados en planta baja, son calefaccionados con sistemas de ganancia directa orientados al Norte. En cambio, al sector p\u00fablico de cocina-comedor, estar y un tercer dormitorio ubicado en la Planta Alta, es calefaccionado con un techo colector solar que calienta aire.<\/span><\/p>\n<p class=\"style23\" style=\"text-align: justify;\"><span style=\"font-family: verdana, geneva, sans-serif; font-size: 10pt;\"><img decoding=\"async\" class=\" wp-image-467 alignright\" src=\"http:\/\/leb.inenco.unsa.edu.ar\/wp-content\/uploads\/2016\/11\/Imagen3.jpg\" alt=\"imagen3\" width=\"281\" height=\"190\" \/><\/span><\/p>\n<p class=\"style23\" style=\"text-align: justify;\"><span style=\"font-family: verdana, geneva, sans-serif; font-size: 10pt;\">Esta vivienda tuvo un dise\u00f1o y construcci\u00f3n compartido en donde intervinieron el arqt. Marcelo G\u00fcizzo en el proyecto global, el Ing. Alejandro Hernandez del INENCO en los c\u00e1lculos y dimensionamientos de los sistemas termo-solares, el propietario\u00a0 Jorge Cariacedo, qui\u00e9n construy\u00f3 al colector solar y el Sr. Enzo Lisi.<\/span><\/p>\n<p class=\"style23\" style=\"text-align: justify;\"><span style=\"font-family: verdana, geneva, sans-serif; font-size: 10pt;\">La vivienda se construy\u00f3 sobre un predio ubicado a 1310 msnm, en una latitud de -24\u00aa42\u00b4 (pr\u00f3xima al Tr\u00f3pico de Capricornio), est\u00e1 rodeada de bosque nativo, posee provisi\u00f3n de energ\u00eda el\u00e9ctrica por red, pero no de gas natural . Se la denomin\u00f3 \u201cSam\u00edri\u201d que en lengua quechua significa \u201cLugar de descanso\u201d.<\/span><\/p>\n<p class=\"style23\" style=\"text-align: justify;\"><span style=\"font-family: verdana, geneva, sans-serif; font-size: 10pt;\">En invierno hace frio y las necesidades energ\u00e9ticas de la vivienda se establecieron en base a una temperatura m\u00ednima de 2,4\u00baC en el mes de julio, con un m\u00e1xima de 20\u00baC\u00a0 y una irradiaci\u00f3n diaria estimada de 4,6 Kwh\/m2.d\u00eda para el mismo mes.<\/span><\/p>\n<p class=\"style23\" style=\"text-align: justify;\"><span style=\"font-family: verdana, geneva, sans-serif; font-size: 10pt;\"><img loading=\"lazy\" decoding=\"async\" class=\" wp-image-468 alignleft\" src=\"http:\/\/leb.inenco.unsa.edu.ar\/wp-content\/uploads\/2016\/11\/Imagen4.jpg\" alt=\"imagen4\" width=\"256\" height=\"244\" \/><\/span><\/p>\n<p class=\"style23\" style=\"text-align: justify;\"><span style=\"font-family: verdana, geneva, sans-serif; font-size: 10pt;\">La mayor\u00eda de los muros, tanto interiores como exteriores, est\u00e1n constru\u00eddos con ladrillones de 0,20m. de espesor, sin revoques y juntas enrasadas. La excepci\u00f3n la constituy\u00f3 el muro del estar constru\u00eddo con piedra extra\u00edda de una cantera pr\u00f3xima. Los muros exteriores tienen aislamiento por el lado de afuera, empleando colchonetas de lana de vidrio de 50mm de espesor, la que es protegida por paneles cementicios de 12mm de espesor (en el mercado se los comercializa bajo la denominaci\u00f3n \u201cSuperBoard\u201d) \u00a0Para colocar estos paneles, se emplean unos perfiles ad-hoc de chapa de acero galvanizado.<\/span><\/p>\n<p class=\"style23\" style=\"text-align: justify;\"><span style=\"font-family: verdana, geneva, sans-serif; font-size: 10pt;\">Las ventanas de los locales calefaccionados con ganancia directa\u00a0 no superan en su dimensionamiento, al 15% de la superficie en planta (mas bien peque\u00f1as) seg\u00fan la recomendaci\u00f3n dada por el Ing. A. Hernandez para evitar sobrecalentamientos. Todas la carpinter\u00edas tienen marcos y hojas de madera.<\/span><\/p>\n<p class=\"style23\" style=\"text-align: justify;\"><span style=\"font-family: verdana, geneva, sans-serif; font-size: 10pt;\">La cubierta donde no est\u00e1 el colector es de chapa galvanizada y el cielorraso, de tablero de fibra de madera apoyado sobre tirantes de madera. Entre ambos, la aislaci\u00f3n colocada es de igual material y espesor que la de las paredes.<\/span><\/p>\n<p class=\"style23\" style=\"text-align: justify;\"><span style=\"font-family: verdana, geneva, sans-serif; font-size: 10pt;\">El colector solar tiene una inclinaci\u00f3n de 35\u00ba y una superficie de 24m2. Su cara exterior es de policarbonato \u00a0alveolar. Tiene aislamiento inferior y lateral de fibra de vidrio de 50mm de espesor y la chapa absorbedora es acero corrugado. El aire recorre la chapa absorbedora por arriba y por abajo, en un proceso de ida y vuelta (a contracorriente) impulsado por un ventilador de 240w que mueve un caudal de 0,41 m3\/sg. Con esta forma de barrido de la placa absorbedora se logra un gran incremento en la temperatura del aire que la recorre.<\/span><\/p>\n<table style=\"width: 696px;\">\n<tbody>\n<tr>\n<td style=\"width: 350px;\"><img loading=\"lazy\" decoding=\"async\" class=\"wp-image-470 alignnone\" src=\"http:\/\/leb.inenco.unsa.edu.ar\/wp-content\/uploads\/2016\/11\/Imagen6.jpg\" alt=\"imagen6\" width=\"352\" height=\"253\" \/><\/td>\n<td style=\"width: 331px;\"><img loading=\"lazy\" decoding=\"async\" class=\" wp-image-469 alignnone\" src=\"http:\/\/leb.inenco.unsa.edu.ar\/wp-content\/uploads\/2016\/11\/Imagen5.jpg\" alt=\"imagen5\" width=\"336\" height=\"252\" \/><\/td>\n<\/tr>\n<\/tbody>\n<\/table>\n<p class=\"style23\" style=\"text-align: justify;\"><span style=\"font-family: verdana, geneva, sans-serif; font-size: 10pt;\">De las mediciones realizadas se ha determinado un rendimiento del colector para los d\u00edas soleados del 73%. En general, las mediciones sobre la vivienda abarcaron tres inviernos (2008-2010) y las temperaturas medidas\u00a0 son suficientes (entre 18 y 22\u00baC) para evitar el uso de energ\u00eda auxiliar en el caso de los d\u00edas soleados y seminublados. Es necesaria la energ\u00eda auxiliar en distintas proporciones para los d\u00edas nublados. Estos d\u00edas nublados y con poca o nula energ\u00eda solar no superan al 20% de los d\u00edas de invierno.<\/span><\/p>\n<p class=\"style23\" style=\"text-align: justify;\"><span style=\"font-family: verdana, geneva, sans-serif; font-size: 10pt;\">En conclusi\u00f3n, un interesante ejemplo de vivienda con colector solar integrado de aire que muestra una adecuada soluci\u00f3n tecnol\u00f3gica y solvencia en el manejo de los recursos de c\u00e1lculo y dimensionamiento\u00a0 como para garantizar los resultados previstos.<\/span><\/p>\n","protected":false},"excerpt":{"rendered":"<p>Ubicaci\u00f3n: Localidad de Vaqueros &#8211; Salta\u00a0(1310msnm) Dise\u00f1o: Arq.\u00a0Marcelo G\u00fcizzo Asesoramiento:\u00a0Ing. Alejandro Luis Hern\u00e1ndez\u00a0&#8211; INENCO En la Argentina no abundan las viviendas con techos colectores solares integrados al edificio. La principal ventaja que ofrece esta soluci\u00f3n t\u00e9cnica es la de liberar, las potenciales soluciones en el dise\u00f1o de la planta, de la obligaci\u00f3n de tener que&hellip;&nbsp;<a href=\"https:\/\/leb.inenco.unsa.edu.ar\/index.php\/en\/buildings\/vivienda-con-techo-solar-en-salta-vaqueros\/\" rel=\"bookmark\">Leer m\u00e1s &raquo;<span class=\"screen-reader-text\">House with solar ceiling in Salta &#8211; Vaqueros<\/span><\/a><\/p>\n","protected":false},"author":2,"featured_media":0,"parent":2361,"menu_order":0,"comment_status":"closed","ping_status":"closed","template":"","meta":{"_eb_attr":"","neve_meta_sidebar":"","neve_meta_container":"","neve_meta_enable_content_width":"","neve_meta_content_width":0,"neve_meta_title_alignment":"","neve_meta_author_avatar":"","neve_post_elements_order":"","neve_meta_disable_header":"","neve_meta_disable_footer":"","neve_meta_disable_title":"","_ti_tpc_template_sync":false,"_ti_tpc_template_id":"","footnotes":""},"class_list":["post-2376","page","type-page","status-publish","hentry"],"_links":{"self":[{"href":"https:\/\/leb.inenco.unsa.edu.ar\/index.php\/wp-json\/wp\/v2\/pages\/2376"}],"collection":[{"href":"https:\/\/leb.inenco.unsa.edu.ar\/index.php\/wp-json\/wp\/v2\/pages"}],"about":[{"href":"https:\/\/leb.inenco.unsa.edu.ar\/index.php\/wp-json\/wp\/v2\/types\/page"}],"author":[{"embeddable":true,"href":"https:\/\/leb.inenco.unsa.edu.ar\/index.php\/wp-json\/wp\/v2\/users\/2"}],"replies":[{"embeddable":true,"href":"https:\/\/leb.inenco.unsa.edu.ar\/index.php\/wp-json\/wp\/v2\/comments?post=2376"}],"version-history":[{"count":3,"href":"https:\/\/leb.inenco.unsa.edu.ar\/index.php\/wp-json\/wp\/v2\/pages\/2376\/revisions"}],"predecessor-version":[{"id":2492,"href":"https:\/\/leb.inenco.unsa.edu.ar\/index.php\/wp-json\/wp\/v2\/pages\/2376\/revisions\/2492"}],"up":[{"embeddable":true,"href":"https:\/\/leb.inenco.unsa.edu.ar\/index.php\/wp-json\/wp\/v2\/pages\/2361"}],"wp:attachment":[{"href":"https:\/\/leb.inenco.unsa.edu.ar\/index.php\/wp-json\/wp\/v2\/media?parent=2376"}],"curies":[{"name":"wp","href":"https:\/\/api.w.org\/{rel}","templated":true}]}}