{"id":50,"date":"2016-06-16T00:37:58","date_gmt":"2016-06-16T03:37:58","guid":{"rendered":"http:\/\/leb.inenco.unsa.edu.ar\/?page_id=50"},"modified":"2025-09-22T11:39:03","modified_gmt":"2025-09-22T14:39:03","slug":"quienes-somos","status":"publish","type":"page","link":"https:\/\/leb.inenco.unsa.edu.ar\/index.php\/es\/quienes-somos\/","title":{"rendered":"\u00bfQUI\u00c9NES SOMOS?"},"content":{"rendered":"\t\t<div data-elementor-type=\"wp-page\" data-elementor-id=\"50\" class=\"elementor elementor-50\">\n\t\t\t\t\t\t<section class=\"elementor-section elementor-top-section elementor-element elementor-element-6d7dc44 elementor-section-boxed elementor-section-height-default elementor-section-height-default\" data-id=\"6d7dc44\" data-element_type=\"section\" data-settings=\"{&quot;shape_divider_bottom&quot;:&quot;book&quot;}\">\n\t\t\t\t\t<div class=\"elementor-shape elementor-shape-bottom\" data-negative=\"false\">\n\t\t\t<svg xmlns=\"http:\/\/www.w3.org\/2000\/svg\" viewBox=\"0 0 1000 100\" preserveAspectRatio=\"none\">\n\t<path class=\"elementor-shape-fill\" d=\"M194,99c186.7,0.7,305-78.3,306-97.2c1,18.9,119.3,97.9,306,97.2c114.3-0.3,194,0.3,194,0.3s0-91.7,0-100c0,0,0,0,0-0 L0,0v99.3C0,99.3,79.7,98.7,194,99z\"\/>\n<\/svg>\t\t<\/div>\n\t\t\t\t\t<div class=\"elementor-container elementor-column-gap-default\">\n\t\t\t\t\t<div class=\"elementor-column elementor-col-16 elementor-top-column elementor-element elementor-element-0b8f22d\" data-id=\"0b8f22d\" data-element_type=\"column\">\n\t\t\t<div class=\"elementor-widget-wrap elementor-element-populated\">\n\t\t\t\t\t\t<div class=\"elementor-element elementor-element-7ca08c1 elementor-widget elementor-widget-image\" data-id=\"7ca08c1\" data-element_type=\"widget\" data-widget_type=\"image.default\">\n\t\t\t\t<div class=\"elementor-widget-container\">\n\t\t\t\t\t\t\t\t\t\t\t\t\t<img decoding=\"async\" src=\"https:\/\/leb.inenco.unsa.edu.ar\/wp-content\/uploads\/2025\/09\/grupochico2025-e1758550190697.jpg\" title=\"grupochico2025\" alt=\"grupochico2025\" loading=\"lazy\" \/>\t\t\t\t\t\t\t\t\t\t\t\t\t<\/div>\n\t\t\t\t<\/div>\n\t\t\t\t<div class=\"elementor-element elementor-element-c460bb1 elementor-widget elementor-widget-image\" data-id=\"c460bb1\" data-element_type=\"widget\" data-widget_type=\"image.default\">\n\t\t\t\t<div class=\"elementor-widget-container\">\n\t\t\t\t\t\t\t\t\t\t\t\t\t<img fetchpriority=\"high\" decoding=\"async\" width=\"1024\" height=\"683\" src=\"https:\/\/leb.inenco.unsa.edu.ar\/wp-content\/uploads\/2025\/09\/sentadoschico2025-1024x683.jpg\" class=\"attachment-large size-large wp-image-6604\" alt=\"\" srcset=\"https:\/\/leb.inenco.unsa.edu.ar\/wp-content\/uploads\/2025\/09\/sentadoschico2025-1024x683.jpg 1024w, https:\/\/leb.inenco.unsa.edu.ar\/wp-content\/uploads\/2025\/09\/sentadoschico2025-300x200.jpg 300w, https:\/\/leb.inenco.unsa.edu.ar\/wp-content\/uploads\/2025\/09\/sentadoschico2025-768x512.jpg 768w, https:\/\/leb.inenco.unsa.edu.ar\/wp-content\/uploads\/2025\/09\/sentadoschico2025-930x620.jpg 930w, https:\/\/leb.inenco.unsa.edu.ar\/wp-content\/uploads\/2025\/09\/sentadoschico2025.jpg 1275w\" sizes=\"(max-width: 1024px) 100vw, 1024px\" \/>\t\t\t\t\t\t\t\t\t\t\t\t\t<\/div>\n\t\t\t\t<\/div>\n\t\t\t\t<div class=\"elementor-element elementor-element-1b0f8a0 elementor-widget elementor-widget-image\" data-id=\"1b0f8a0\" data-element_type=\"widget\" data-widget_type=\"image.default\">\n\t\t\t\t<div class=\"elementor-widget-container\">\n\t\t\t\t\t\t\t\t\t\t\t\t\t<img decoding=\"async\" width=\"800\" height=\"497\" src=\"https:\/\/leb.inenco.unsa.edu.ar\/wp-content\/uploads\/2025\/09\/GEB2019274.jpg\" class=\"attachment-large size-large wp-image-6610\" alt=\"\" srcset=\"https:\/\/leb.inenco.unsa.edu.ar\/wp-content\/uploads\/2025\/09\/GEB2019274.jpg 800w, https:\/\/leb.inenco.unsa.edu.ar\/wp-content\/uploads\/2025\/09\/GEB2019274-300x186.jpg 300w, https:\/\/leb.inenco.unsa.edu.ar\/wp-content\/uploads\/2025\/09\/GEB2019274-768x477.jpg 768w\" sizes=\"(max-width: 800px) 100vw, 800px\" \/>\t\t\t\t\t\t\t\t\t\t\t\t\t<\/div>\n\t\t\t\t<\/div>\n\t\t\t\t\t<\/div>\n\t\t<\/div>\n\t\t\t\t<div class=\"elementor-column elementor-col-16 elementor-top-column elementor-element elementor-element-9af489e elementor-invisible\" data-id=\"9af489e\" data-element_type=\"column\" data-settings=\"{&quot;background_background&quot;:&quot;gradient&quot;,&quot;animation&quot;:&quot;fadeInUp&quot;}\">\n\t\t\t<div class=\"elementor-widget-wrap elementor-element-populated\">\n\t\t\t\t\t<div class=\"elementor-background-overlay\"><\/div>\n\t\t\t\t\t\t<div class=\"elementor-element elementor-element-7e31d6ef elementor-widget__width-initial elementor-widget elementor-widget-text-editor\" data-id=\"7e31d6ef\" data-element_type=\"widget\" data-widget_type=\"text-editor.default\">\n\t\t\t\t<div class=\"elementor-widget-container\">\n\t\t\t\t\t\t\t<p style=\"text-align: justify;\"><span style=\"font-family: verdana, geneva, sans-serif; font-size: 10pt; color: #223240;\">El Laboratorio de Edificios Bioclim\u00e1ticos aborda el dise\u00f1o, monitoreo experimental y simulaci\u00f3n computacional de edificios sustentables y su equipamiento de manera de lograr condiciones higrot\u00e9rmicas y lum\u00ednicas adecuadas al uso del mismo, minimizando el consumo de energ\u00eda convencional, disminuyendo la emisi\u00f3n de gases de efecto invernadero y utilizando sistemas constructivos y tecnolog\u00edas adecuadas al lugar, a los conocimientos de t\u00e9cnicos y obreros locales y a las posibilidades de mantenimiento de los mismos. El grupo cuenta con amplia experiencia en temas de dise\u00f1o bioclim\u00e1tico, sistemas solares de calefacci\u00f3n, aplicaci\u00f3n de energ\u00edas renovables en edificios, desarrollo de software de simulaci\u00f3n t\u00e9rmica, monitoreo experimental, auditor\u00edas energ\u00e9ticas y utilizaci\u00f3n de termograf\u00eda infrarroja en edificios hist\u00f3ricos, entre otros.<\/span><\/p><p style=\"text-align: justify;\"><span style=\"font-family: verdana, geneva, sans-serif; font-size: 10pt; color: #223240;\">El grupo colabora con investigadores del exterior a trav\u00e9s de proyectos de investigaci\u00f3n internacionales, con intercambio de investigadores, pasant\u00edas en centros del extranjero y publicaciones en coautor\u00eda. El Laboratorio recibe tambi\u00e9n a pasantes de instituciones nacionales que desean perfeccionarse en temas de simulaci\u00f3n t\u00e9rmica y energ\u00eda solar. Brinda asesoramiento a entidades p\u00fablicas y privadas y servicios t\u00e9cnicos para medici\u00f3n de par\u00e1metros termof\u00edsicos como absortancia solar de materiales de envolventes, auditor\u00edas y mapeos t\u00e9rmicos, termograf\u00eda, dise\u00f1o de sistemas especiales aplicados a edificios, entre otros. Desde sus inicios, ha transferido los resultados de sus investigaciones a aplicaciones en el pa\u00eds, en particular en zonas del Noroeste argentino.\u00a0\u00a0Sus integrantes participan activamente en el dictado de cursos de postgrado para doctorado y maestr\u00edas, como as\u00ed tambi\u00e9n en asignaturas de grado y en cursos de capacitaci\u00f3n para p\u00fablico en general.<\/span><\/p><p style=\"text-align: justify;\"><span style=\"font-family: verdana, geneva, sans-serif; font-size: 10pt; color: #223240;\">Las actividades del grupo de edificios bioclim\u00e1ticos del INENCO incluyen:<\/span><\/p><p><span style=\"color: #223240;\"><img decoding=\"async\" class=\"aligncenter\" style=\"font-family: verdana, geneva, sans-serif;\" src=\"https:\/\/leb.inenco.unsa.edu.ar\/wp-content\/uploads\/2017\/05\/images.jpg\" alt=\"\" width=\"123\" height=\"112\" \/><\/span><\/p><ul><li><span style=\"letter-spacing: var(--bodyletterspacing); text-transform: var(--bodytexttransform); color: #223240; background-color: var( --e-global-color-nvlightbg ); font-family: verdana, geneva, sans-serif; font-size: 10pt;\">Dise\u00f1o de edificios con<\/span><span style=\"letter-spacing: var(--bodyletterspacing); text-transform: var(--bodytexttransform); color: #223240; background-color: var( --e-global-color-nvlightbg ); font-family: verdana, geneva, sans-serif; font-size: 10pt;\"> aprovechamiento de la energ\u00eda solar.<\/span><\/li><li><span style=\"background-color: var( --e-global-color-nvlightbg ); color: #223240; font-family: verdana, geneva, sans-serif; font-size: 10pt; letter-spacing: var(--bodyletterspacing); text-transform: var(--bodytexttransform);\">Auditorias energ\u00e9ticas de edificios convencionales y bioclim\u00e1ticos<\/span><\/li><li><span style=\"background-color: var( --e-global-color-nvlightbg ); color: #223240; font-family: verdana, geneva, sans-serif; font-size: 10pt; letter-spacing: var(--bodyletterspacing); text-transform: var(--bodytexttransform);\">Servicio de mapeo t\u00e9rmicoSimulaci\u00f3n computacional de las condiciones t\u00e9rmicas interiores de viviendas y edificios<\/span><\/li><li><span style=\"background-color: var( --e-global-color-nvlightbg ); color: #223240; font-family: verdana, geneva, sans-serif; font-size: 10pt; letter-spacing: var(--bodyletterspacing); text-transform: var(--bodytexttransform);\">Medici\u00f3n de emisividad infrarroja e \u00edndice de reflectancia solar\u00a0<\/span><\/li><li><span style=\"background-color: var( --e-global-color-nvlightbg ); color: #223240; font-family: verdana, geneva, sans-serif; font-size: 10pt; letter-spacing: var(--bodyletterspacing); text-transform: var(--bodytexttransform);\">Medici\u00f3n de propiedades t\u00e9rmicas y \u00f3pticas de materiales de construcci\u00f3n<\/span><\/li><li><span style=\"background-color: var( --e-global-color-nvlightbg ); color: #223240; font-family: verdana, geneva, sans-serif; font-size: 10pt; letter-spacing: var(--bodyletterspacing); text-transform: var(--bodytexttransform);\">Dictado de curso de acondicionamiento bioclim\u00e1tico y simulaci\u00f3n computacional<\/span><\/li><li><span style=\"background-color: var( --e-global-color-nvlightbg ); color: #223240; font-family: verdana, geneva, sans-serif; font-size: 10pt; letter-spacing: var(--bodyletterspacing); text-transform: var(--bodytexttransform);\">Termogaf\u00eda infrarroja de edificios hist\u00f3ricos y construcciones en general<\/span><\/li><li><span style=\"background-color: var( --e-global-color-nvlightbg ); color: #223240; font-family: verdana, geneva, sans-serif; font-size: 10pt; letter-spacing: var(--bodyletterspacing); text-transform: var(--bodytexttransform);\">Desarrollo de herramientas de software para distintas aplicaciones t\u00e9rmicas de la energ\u00eda solar cuya distribuci\u00f3n es libre y gratuita, y se emplean tanto para sus trabajos de asesor\u00eda como para docencia de grado y postgrado. SIMEDIF: Simulaci\u00f3n del comportamiento transitorio de edificios con muchos locales.<\/span><\/li><\/ul><p><span style=\"font-size: 10pt; font-family: verdana, geneva, sans-serif; color: #223240;\"><em><strong>Actualizaci\u00f3n de p\u00e1gina septiembre 2025.<\/strong><\/em><\/span><\/p>\t\t\t\t\t\t<\/div>\n\t\t\t\t<\/div>\n\t\t\t\t\t<\/div>\n\t\t<\/div>\n\t\t\t\t<div class=\"elementor-column elementor-col-66 elementor-top-column elementor-element elementor-element-8372af3\" data-id=\"8372af3\" data-element_type=\"column\">\n\t\t\t<div class=\"elementor-widget-wrap elementor-element-populated\">\n\t\t\t\t\t\t<div class=\"elementor-element elementor-element-4b3b572 elementor-widget elementor-widget-image\" data-id=\"4b3b572\" data-element_type=\"widget\" data-widget_type=\"image.default\">\n\t\t\t\t<div class=\"elementor-widget-container\">\n\t\t\t\t\t\t\t\t\t\t\t\t\t<img loading=\"lazy\" decoding=\"async\" width=\"911\" height=\"621\" src=\"https:\/\/leb.inenco.unsa.edu.ar\/wp-content\/uploads\/2018\/12\/GEB2019256.jpg\" class=\"attachment-large size-large wp-image-2849\" alt=\"\" \/>\t\t\t\t\t\t\t\t\t\t\t\t\t<\/div>\n\t\t\t\t<\/div>\n\t\t\t\t<div class=\"elementor-element elementor-element-d57bbde elementor-widget elementor-widget-image\" data-id=\"d57bbde\" data-element_type=\"widget\" data-widget_type=\"image.default\">\n\t\t\t\t<div class=\"elementor-widget-container\">\n\t\t\t\t\t\t\t\t\t\t\t\t\t<img loading=\"lazy\" decoding=\"async\" width=\"855\" height=\"557\" src=\"https:\/\/leb.inenco.unsa.edu.ar\/wp-content\/uploads\/2025\/09\/GEB2019282.jpg\" class=\"attachment-large size-large wp-image-6602\" alt=\"\" srcset=\"https:\/\/leb.inenco.unsa.edu.ar\/wp-content\/uploads\/2025\/09\/GEB2019282.jpg 855w, https:\/\/leb.inenco.unsa.edu.ar\/wp-content\/uploads\/2025\/09\/GEB2019282-300x195.jpg 300w, https:\/\/leb.inenco.unsa.edu.ar\/wp-content\/uploads\/2025\/09\/GEB2019282-768x500.jpg 768w\" sizes=\"(max-width: 855px) 100vw, 855px\" \/>\t\t\t\t\t\t\t\t\t\t\t\t\t<\/div>\n\t\t\t\t<\/div>\n\t\t\t\t<div class=\"elementor-element elementor-element-c026ce7 elementor-widget elementor-widget-image\" data-id=\"c026ce7\" data-element_type=\"widget\" data-widget_type=\"image.default\">\n\t\t\t\t<div class=\"elementor-widget-container\">\n\t\t\t\t\t\t\t\t\t\t\t\t\t<img loading=\"lazy\" decoding=\"async\" width=\"1024\" height=\"683\" src=\"https:\/\/leb.inenco.unsa.edu.ar\/wp-content\/uploads\/2025\/09\/grupochico32025-1024x683.jpg\" class=\"attachment-large size-large wp-image-6611\" alt=\"\" srcset=\"https:\/\/leb.inenco.unsa.edu.ar\/wp-content\/uploads\/2025\/09\/grupochico32025-1024x683.jpg 1024w, https:\/\/leb.inenco.unsa.edu.ar\/wp-content\/uploads\/2025\/09\/grupochico32025-300x200.jpg 300w, https:\/\/leb.inenco.unsa.edu.ar\/wp-content\/uploads\/2025\/09\/grupochico32025-768x512.jpg 768w, https:\/\/leb.inenco.unsa.edu.ar\/wp-content\/uploads\/2025\/09\/grupochico32025-930x620.jpg 930w, https:\/\/leb.inenco.unsa.edu.ar\/wp-content\/uploads\/2025\/09\/grupochico32025.jpg 1200w\" sizes=\"(max-width: 1024px) 100vw, 1024px\" \/>\t\t\t\t\t\t\t\t\t\t\t\t\t<\/div>\n\t\t\t\t<\/div>\n\t\t\t\t\t<\/div>\n\t\t<\/div>\n\t\t\t\t\t<\/div>\n\t\t<\/section>\n\t\t\t\t<section class=\"elementor-section elementor-top-section elementor-element elementor-element-6ffba89 elementor-section-boxed elementor-section-height-default elementor-section-height-default\" data-id=\"6ffba89\" data-element_type=\"section\">\n\t\t\t\t\t\t<div class=\"elementor-container elementor-column-gap-default\">\n\t\t\t\t\t<div class=\"elementor-column elementor-col-33 elementor-top-column elementor-element elementor-element-098e52a\" data-id=\"098e52a\" data-element_type=\"column\">\n\t\t\t<div class=\"elementor-widget-wrap\">\n\t\t\t\t\t\t\t<\/div>\n\t\t<\/div>\n\t\t\t\t<div class=\"elementor-column elementor-col-33 elementor-top-column elementor-element elementor-element-0be7ca8\" data-id=\"0be7ca8\" data-element_type=\"column\">\n\t\t\t<div class=\"elementor-widget-wrap\">\n\t\t\t\t\t\t\t<\/div>\n\t\t<\/div>\n\t\t\t\t<div class=\"elementor-column elementor-col-33 elementor-top-column elementor-element elementor-element-61f7c43\" data-id=\"61f7c43\" data-element_type=\"column\">\n\t\t\t<div class=\"elementor-widget-wrap\">\n\t\t\t\t\t\t\t<\/div>\n\t\t<\/div>\n\t\t\t\t\t<\/div>\n\t\t<\/section>\n\t\t\t\t<\/div>\n\t\t","protected":false},"excerpt":{"rendered":"<p>El Laboratorio de Edificios Bioclim\u00e1ticos aborda el dise\u00f1o, monitoreo experimental y simulaci\u00f3n computacional de edificios sustentables y su equipamiento de manera de lograr condiciones higrot\u00e9rmicas y lum\u00ednicas adecuadas al uso del mismo, minimizando el consumo de energ\u00eda convencional, disminuyendo la emisi\u00f3n de gases de efecto invernadero y utilizando sistemas constructivos y tecnolog\u00edas adecuadas al lugar,&hellip;&nbsp;<a href=\"https:\/\/leb.inenco.unsa.edu.ar\/index.php\/es\/quienes-somos\/\" rel=\"bookmark\">Leer m\u00e1s &raquo;<span class=\"screen-reader-text\">\u00bfQUI\u00c9NES SOMOS?<\/span><\/a><\/p>\n","protected":false},"author":1,"featured_media":0,"parent":0,"menu_order":0,"comment_status":"closed","ping_status":"closed","template":"elementor_header_footer","meta":{"_eb_attr":"","neve_meta_sidebar":"","neve_meta_container":"","neve_meta_enable_content_width":"","neve_meta_content_width":0,"neve_meta_title_alignment":"","neve_meta_author_avatar":"","neve_post_elements_order":"","neve_meta_disable_header":"","neve_meta_disable_footer":"","neve_meta_disable_title":"","_ti_tpc_template_sync":false,"_ti_tpc_template_id":"","footnotes":""},"class_list":["post-50","page","type-page","status-publish","hentry"],"_links":{"self":[{"href":"https:\/\/leb.inenco.unsa.edu.ar\/index.php\/wp-json\/wp\/v2\/pages\/50"}],"collection":[{"href":"https:\/\/leb.inenco.unsa.edu.ar\/index.php\/wp-json\/wp\/v2\/pages"}],"about":[{"href":"https:\/\/leb.inenco.unsa.edu.ar\/index.php\/wp-json\/wp\/v2\/types\/page"}],"author":[{"embeddable":true,"href":"https:\/\/leb.inenco.unsa.edu.ar\/index.php\/wp-json\/wp\/v2\/users\/1"}],"replies":[{"embeddable":true,"href":"https:\/\/leb.inenco.unsa.edu.ar\/index.php\/wp-json\/wp\/v2\/comments?post=50"}],"version-history":[{"count":223,"href":"https:\/\/leb.inenco.unsa.edu.ar\/index.php\/wp-json\/wp\/v2\/pages\/50\/revisions"}],"predecessor-version":[{"id":6618,"href":"https:\/\/leb.inenco.unsa.edu.ar\/index.php\/wp-json\/wp\/v2\/pages\/50\/revisions\/6618"}],"wp:attachment":[{"href":"https:\/\/leb.inenco.unsa.edu.ar\/index.php\/wp-json\/wp\/v2\/media?parent=50"}],"curies":[{"name":"wp","href":"https:\/\/api.w.org\/{rel}","templated":true}]}}